*j, 4*j - 21 = -v - 0*j. What is the remainder when 89 is divided by v?
14
Let d(k) = 39*k**2 - 6*k. Let b be d(-2). Suppose 65*j - 59*j = b. Suppose 7 + 9 = 2*y. What is the remainder when j is divided by y?
4
What is the remainder when 2*(-5 + 3) - (-21 + -70) is divided by 17?
2
Let d(h) = h**2 - h - 13. Let r be d(0). Let s(b) = b**3 + 14*b**2 + 16*b - 3. Let a be s(r). Let x = a + 64. Calculate the remainder when 108 is divided by x.
20
Let t be (-651)/(-5) - 3/15. Let w = t + -99. Calculate the remainder when w is divided by 0 + 4 + 273/21.
14
Let i(v) = -18*v**3 + 25*v**2 - v + 1. What is the remainder when i(-2) is divided by 39?
13
Let q(x) = 190*x**3 + 46*x - 46. Calculate the remainder when 945 is divided by q(1).
185
Suppose -4*l - 24 = 0, 1221 = i - 5*l - 209. Calculate the remainder when 1414 is divided by i.
14
Let h be ((-8)/3)/((-14)/21). Suppose 2*n - 5*y = 11, 0*n + h*y + 14 = 2*n. Let m = 39 + -4. Calculate the remainder when m is divided by n.
9
Suppose -2*p = -1282 + 226. Suppose -8*d = -0*d - p. What is the remainder when d is divided by 24?
18
Let b = -13011 + 13240. Suppose 2*n + 2*i - 4*i = 56, 3*n + i - 104 = 0. What is the remainder when b is divided by n?
31
Let n = -3570 - -3599. Let v(l) = -7*l**2 + 5*l - 16. Let w(m) = m**2 + m + 1. Let f(k) = v(k) + 6*w(k). What is the remainder when n is divided by f(9)?
5
Suppose -2*p = 156 - 166. Suppose 3*h = -p*g - 5, 3*h + 6*g - 7 = 4*g. Let k = 7 - -15. What is the remainder when k is divided by h?
2
Let v(l) = -2*l - 68. Calculate the remainder when 22 is divided by v(-40).
10
Suppose -2*o - 2*o = -32. Let d = -300 - -303. Suppose a - 25 - d = 0. What is the remainder when a is divided by o?
4
Suppose 26500 = 13*x - 66*x. Let l = x + 533. Calculate the remainder when 61 is divided by l.
28
Suppose l = 32 + 11. Let z = -426 - -552. Calculate the remainder when z is divided by l.
40
What is the remainder when (-1)/(-4)*3*500 is divided by (-914)/(-34) + (-47)/(15980/(-40))?
24
Let c(r) be the third derivative of 3*r**4/8 - r**3/2 - 5*r**2. Let q be c(1). Let k(v) = v**2 - 3*v + 1. What is the remainder when 70 is divided by k(q)?
13
Calculate the remainder when 18/(-6) - -1*(42 + 0) is divided by 9/1 + (-3)/((-6)/(-6)).
3
Let l = 14543 - 14511. What is the remainder when 445 is divided by l?
29
Suppose -2*d = 2*o - 42, 3*o = o - 5*d + 30. Let k(v) = -4 + v**2 + 0 + 5*v + 1 - 7. What is the remainder when o is divided by k(3)?
11
Suppose 3*m + 2*z - 11 = 0, 11 = 2*m - 2*z - 3. Suppose 0 = -d + m*d - 104. Let t = -48 - -55. What is the remainder when d is divided by t?
5
Suppose 6 = -2*w + 2. Let o(a) = -3*a - 2. Let r be o(w). Suppose 5*l = 2*b + 58, -r*b - 25 = -l + 1. What is the remainder when 36 is divided by l?
6
What is the remainder when (808/(-10))/((-168)/420) is divided by 31?
16
Suppose c = 6*c. Let k = c - 33. Let u = -23 - k. Calculate the remainder when 19 is divided by u.
9
Let w(b) = b**3 - 80*b**2 + 179*b - 1114. What is the remainder when w(78) is divided by 18?
14
Let g = 2905 + -2892. Calculate the remainder when 2898 is divided by g.
12
Let j(z) = 33*z - 31. Let w = -244 - -246. Suppose 0*i - n = 5*i - 347, -i = 4*n - 77. Calculate the remainder when i is divided by j(w).
34
Let k = 119 + -117. Calculate the remainder when 94 is divided by (5 - -11) + k + 2.
14
Suppose -3*p - 431 = -5*k, -4*p - 22 = 5*k + 541. Let d = 205 + p. Suppose d + 20 = n. Calculate the remainder when n is divided by 21.
20
Let h = 1281 + -502. Suppose -14*g = -21*g + 273. What is the remainder when h is divided by g?
38
Let q = -2522 + 4594. What is the remainder when q is divided by 122?
120
Let t(n) = -237*n + 22. Let y be t(1). Let r(f) = -f**3 + 5*f**2 - 3*f. Let b be r(2). What is the remainder when 10 is divided by y/(-40) - b/16?
0
Suppose -18 = 4*a - 42. Let c(i) = -i**2 - 9*i + 36. Calculate the remainder when c(-11) is divided by a.
2
Let z be (68/(-10))/(-2 - (-1116)/560). Calculate the remainder when 13 + z/(-72) - (-965)/9 is divided by 22.
19
Let n = 1023 - 1005. Calculate the remainder when n is divided by 13.
5
Let w(i) = -100892*i + 8 + 8 + 2*i**2 + 100903*i. Let b(y) = y**2 - 5*y. Let r be b(3). Calculate the remainder when 43 is divided by w(r).
21
Suppose -708 = -4*d + 4*o, -5*d + 104 = -3*o - 787. What is the remainder when d is divided by 105?
75
Let d(m) = -4*m + 20. Let z be d(-4). Calculate the remainder when ((-1)/2)/(z/(-1296)) is divided by 7.
4
What is the remainder when 615 is divided by -22 + 17 - -155 - (-6)/2?
3
Let l = 12023 + -11980. What is the remainder when 590 is divided by l?
31
Suppose 715 = 49*a - 314. Calculate the remainder when 276 is divided by a.
3
Let s = -32 - -30. What is the remainder when 0 + 340 + s + 2 is divided by 38?
36
Let i = 33501 + -33494. What is the remainder when i is divided by 46/6 + 2/(-3)?
0
Let h = -1 - 1. Let x be 9 + 1 + (-6 - -3). Calculate the remainder when 35 is divided by (-4)/h + (x + 1)*2.
17
Suppose -4*z - 332 = -2*b, 3*b + 54*z - 59*z - 494 = 0. What is the remainder when 492 is divided by b?
18
Let b = 83 + 75. Let r(l) = -2*l - 54. Let z(c) = -4*c - 56. Let h(x) = -5*r(x) + 6*z(x). What is the remainder when b is divided by h(-7)?
30
Suppose 72 = -6*d + 10*d. Calculate the remainder when d is divided by 13 - 10/(-15)*-9.
4
Let v(h) = h**2 - 1007*h + 78388. What is the remainder when v(85) is divided by (1/(-3))/((-2)/42)?
4
Suppose -2*l + 5*l + 3*a - 72 = 0, 4*l + 5*a = 100. Let d = -17192 + 17391. Calculate the remainder when d is divided by l.
19
Let p = 45 - 43. Let f(s) = -s**2 - 9*s + 6*s + p*s - 12*s + 15. Calculate the remainder when f(-8) is divided by 14.
13
Suppose -2*d = -3*v - 805, 5*d - 10*d - v = -2021. Calculate the remainder when d is divided by 81.
80
Let j = -8268 - -8470. Calculate the remainder when 4847 is divided by j.
201
Let u(s) = 49*s + 21. Let o be u(0). Suppose 0 = -o*y - 393 + 1170. Suppose -b - 4*b = -350. What is the remainder when b is divided by y?
33
Suppose 0 = 55*h + 10520 - 65491 - 80769. What is the remainder when h is divided by 19?
17
Let p be (28/6 - -2)/((-12)/(-18)). Suppose 33 = s - 2*u + p, 4*u = -3*s + 59. Calculate the remainder when 76 is divided by s.
13
Let i(l) = -l**2 + 14*l + 23. Let j be i(7). Calculate the remainder when 23 is divided by (j/15 - 0)/(26/65).
11
Let z(q) = -469*q - 547. Calculate the remainder when z(-3) is divided by 72.
68
Let s(f) = 13*f**2 + 148*f + 421. What is the remainder when s(-3) is divided by 12?
10
Let k = 12354 - 7798. What is the remainder when k is divided by 97?
94
Let k be (144/(-280)*-7)/((-6)/(-760)). Let g = 604 - k. Calculate the remainder when g is divided by 52.
44
Let r(y) = y**3 + 6*y**2 - y - 3. Let x = -47 - -41. Let c be r(x). What is the remainder when (-13)/(3*(c/(-27) + 0)) is divided by 16?
7
Let p(r) = 7*r**2 + r**3 + 17*r - 24*r - 2 - 6*r**2 + 13*r - 7*r**2. What is the remainder when p(6) is divided by 11?
1
Suppose -60 = -d - 13. Let h = -291 + 296. Suppose 20 + 57 = h*x + j, -4*x - j = -61. Calculate the remainder when d is divided by x.
15
Let z(i) be the second derivative of 3*i**4/4 + 4*i**3/3 - i**2/2 + 33*i. Calculate the remainder when z(-7) is divided by 55.
54
Suppose 7060 = 16*i - 15*i - 3*y, 0 = 5*i + 3*y - 35444. What is the remainder when i is divided by 2360?
4
Suppose 0 = p - 135 + 31. Calculate the remainder when p is divided by ((-175)/(-10))/((-2 - -3)/2).
34
Suppose 133*i = -80*i + 1270971. Calculate the remainder when i is divided by 206.
199
Let y(v) = 106*v - 9380. Calculate the remainder when y(100) is divided by 96.
68
Let h be ((-70)/56)/(2/(-8)). Suppose 0 = 5*s + 2*z - h*z - 842, 2*s + 2*z = 324. Calculate the remainder when s is divided by 4.
2
Let c(p) = 14*p - 1168. Calculate the remainder when 93 is divided by c(87).
43
Suppose 3*t - 4 = 4*n + 9, -16 = -5*t + n. Suppose -t = 2*p - 11. Suppose 8*d = p*h + 4*d - 8, 3*d = -4*h + 22. What is the remainder when 6 is divided by h?
2
Let p(b) = 5*b**2 - 438*b + 64. What is the remainder when p(90) is divided by 302?
238
Let f = 13520 - 12235. Calculate the remainder when f is divided by 184.
181
Suppose v - 6*u - 1140 = -7*u, 0 = 2*v - 4*u - 2268. Suppose 1 = -2*l + 5, 2*l - v = -3*z. Calculate the remainder when 